What is the thousands digit of 168638174?
8
What is the hundred millions digit of 210651393?
2
What is the hundreds digit of 78992645?
6
What is the ten millions digit of 53759750?
5
What is the hundred thousands digit of 167901967?
9
What is the ten millions digit of 45809377?
4
What is the thousands digit of 3312969836?
9
What is the thousands digit of 38256?
8
What is the tens digit of 138394818?
1
What is the thousands digit of 91835470?
5
What is the ten millions digit of 160620086?
6
What is the hundred millions digit of 186410703?
1
What is the ten millions digit of 900443939?
0
What is the hundred thousands digit of 2409475464?
4
What is the thousands digit of 77060009?
0
What is the billions digit of 4117464546?
4
What is the thousands digit of 3841990?
1
What is the ten thousands digit of 5979001633?
0
What is the units digit of 34028286?
6
What is the ten millions digit of 100712567?
0
What is the ten millions digit of 75133235?
7
What is the ten thousands digit of 1324560708?
6
What is the hundreds digit of 6720348407?
4
What is the tens digit of 1747276025?
2
What is the units digit of 36290745?
5
What is the millions digit of 3826153980?
6
What is the hundred thousands digit of 4819560?
8
What is the ten thousands digit of 421923919?
2
What is the units digit of 72930391?
1
What is the units digit of 2223690178?
8
What is the units digit of 16993971?
1
What is the hundred thousands digit of 112883299?
8
What is the hundred millions digit of 750638444?
7
What is the units digit of 85633057?
7
What is the millions digit of 250813378?
0
What is the ten millions digit of 50189549?
5
What is the tens digit of 758614267?
6
What is the thousands digit of 562061670?
1
What is the ten thousands digit of 2989341995?
4
What is the billions digit of 1450108346?
1
What is the tens digit of 12026551?
5
What is the millions digit of 593090441?
3
What is the hundreds digit of 139556969?
9
What is the millions digit of 3997760?
3
What is the units digit of 515793680?
0
What is the tens digit of 121417201?
0
What is the millions digit of 114121103?
4
What is the units digit of 125430238?
8
What is the tens digit of 1370685711?
1
What is the hundreds digit of 55443816?
8
What is the hundred thousands digit of 363797339?
7
What is the thousands digit of 122413105?
3
What is the millions digit of 417039776?
7
What is the units digit of 1735018276?
6
What is the thousands digit of 125949130?
9
What is the thousands digit of 2122944324?
4
What is the ten millions digit of 144576587?
4
What is the units digit of 288660682?
2
What is the units digit of 812000007?
7
What is the millions digit of 203502180?
3
What is the ten millions digit of 51858070?
5
What is the units digit of 65855898?
8
What is the hundred thousands digit of 946481282?
4
What is the hundred thousands digit of 14995833?
9
What is the millions digit of 1227581872?
7
What is the hundred millions digit of 262826132?
2
What is the millions digit of 1091396753?
1
What is the units digit of 84219042?
2
What is the millions digit of 270466031?
0
What is the ten millions digit of 129570077?
2
What is the hundred thousands digit of 258653693?
6
What is the hundreds digit of 48518570?
5
What is the hundreds digit of 40634981?
9
What is the units digit of 19421281?
1
What is the units digit of 59711600?
0
What is the units digit of 46118233?
3
What is the ten millions digit of 181317648?
8
What is the units digit of 347747352?
2
What is the tens digit of 118035543?
4
What is the ten thousands digit of 212902997?
0
What is the hundred thousands digit of 396505378?
5
What is the hundreds digit of 447435916?
9
What is the thousands digit of 22071709?
1
What is the units digit of 58372495?
5
What is the millions digit of 430513405?
0
What is the hundred millions digit of 103520550?
1
What is the millions digit of 212402001?
2
What is the hundreds digit of 271142629?
6
What is the ten millions digit of 45249053?
4
What is the units digit of 88491894?
4
What is the ten thousands digit of 1134323011?
2
What is the ten millions digit of 559340129?
5
What is the ten millions digit of 65178697?
6
What is the hundred millions digit of 1086550440?
0
What is the units digit of 44165560?
0
What is the thousands digit of 529675605?
5
What is the millions digit of 1119976833?
9
What is the millions digit of 310400171?
0
What is the tens digit of 3344302312?
1
What is the units digit of 668578282?
2
What is the millions digit of 107569377?
7
What is the hundreds digit of 405842165?
1
What is the thousands digit of 426462164?
2
What is the units digit of 8650982?
2
What is the hundred thousands digit of 35773148?
7
What is the thousands digit of 99410838?
0
What is the hundreds digit of 5021147807?
8
What is the hundred thousands digit of 575869285?
8
What is the ten thousands digit of 150593224?
9
What is the hundreds digit of 19768978?
9
What is the tens digit of 3083494613?
1
What is the hundred thousands digit of 210803945?
8
What is the tens digit of 5310312951?
5
What is the units digit of 69652143?
3
What is the thousands digit of 95246232?
6
What is the thousands digit of 16189427?
9
What is the ten millions digit of 29882026?
2
What is the tens digit of 89434179?
7
What is the hundred thousands digit of 93172052?
1
What is the tens digit of 514773314?
1
What is the ten millions digit of 86401115?
8
What is the units digit of 75861441?
1
What is the thousands digit of 2429783?
9
What is the millions digit of 1418736445?
8
What is the thousands digit of 9105534?
5
What is the tens digit of 41321404?
0
What is the ten millions digit of 130547855?
3
What is the hundreds digit of 328513277?
2
What is the ten thousands digit of 53186401?
8
What is the ten millions digit of 3147081276?
4
What is the ten millions digit of 184368544?
8
What is the hundred millions digit of 7188352036?
1
What is the units digit of 42180746?
6
What is the hundred thousands digit of 270026754?
0
What is the units digit of 23575161?
1
What is the ten thousands digit of 4137405008?
0
What is the units digit of 290798310?
0
What is the ten thousands digit of 399443839?
4
What is the tens digit of 110790209?
0
What is the tens digit of 129269652?
5
What is the hundreds digit of 93062148?
1
What is the hundred thousands digit of 2367807750?
8
What is the hundreds digit of 105455837?
8
What is the thousands digit of 279406115?
6
What is the units digit of 1386646365?
5
What is the units digit of 492535391?
1
What is the millions digit of 147869933?
7
What is the units digit of 42512938?
8
What is the tens digit of 335549436?
3
What is the tens digit of 107690867?
6
What is the hundred thousands digit of 5358980187?
9
What is the hundred millions digit of 196576063?
1
What is the millions digit of 4158169477?
8
What is the units digit of 38336676?
6
What is the hundred thousands digit of 67615284?
6
What is the hundred millions digit of 165751670?
1
What is the hundred thousands digit of 2471512373?
5
What is the millions digit of 2190770659?
0
What is the hundred thousands digit of 2550419763?
4
What is the units digit of 109026653?
3
What is the ten thousands digit of 912289445?
8
What is the ten thousands digit of 262024097?
2
What is the millions digit of 881235036?
1
What is the millions digit of 56526196?
6
What is the millions digit of 995602764?
5
What is the units digit of 7847968890?
0
What is the hundreds digit of 2606770852?
8
What is the thousands digit of 265432067?
2
What is the ten thousands digit of 70899119?
9
What is the tens digit of 10830754?
5
What is the hundreds digit of 1277869975?
9
What is the thousands digit of 76249527?
9
What is the hundred thousands digit of 279931884?
9
What is the hundreds digit of 38699425?
4
What is the millions digit of 10221587?
0
What is the ten thousands digit of 7501912?
0
What is the hundreds digit of 25954874?
8
What is the hundred thousands digit of 138803286?
8
What is the millions digit of 91608169?
1
What is the hundreds digit of 134663897?
8
What is the units digit of 78497524?
4
What is the thousands digit of 205519462?
9
What is the millions digit of 934566843?
4
What is the ten thousands digit of 38221968?
2
What is the hundreds digit of 125483515?
5
What is the hundre